alculate the remainder when (-14*(-3)/3)/1 is divided by j(2).
4
Suppose -16 = f + f + 2*b, 2*f + 14 = -4*b. What is the remainder when 33 is divided by (-153)/(-12) - f/(-12)?
9
Let s(r) = 5*r**3 - r**2 - r + 1. Let p be s(1). Suppose 0*q + 48 = 4*k + p*q, 0 = 2*k + q - 25. Calculate the remainder when 24 is divided by k.
11
Suppose -4*i + 45 = -5*h, -57 = -0*i - 3*i - 4*h. Calculate the remainder when 59 is divided by i.
14
Let d(h) = h**2 + 5*h + 3. Let a be d(-6). Calculate the remainder when 23 is divided by (-16)/3*a/(-4).
11
Suppose -7*y + 3*y = -16. Suppose y*z - z = 153. Calculate the remainder when z is divided by 27.
24
Suppose -f - 3*y + 14 = 0, -y = 5*f - 6*y + 10. Suppose f*g - 66 + 8 = 0. What is the remainder when 57 is divided by g?
28
Suppose 2*o - 2*l = 120 - 4, 5*o - 2*l - 281 = 0. What is the remainder when o is divided by 19?
17
Let y = -10 + 16. Let p = 2 - 2. Suppose p = 4*h + h - 55. Calculate the remainder when h is divided by y.
5
Let g(t) = t**3 - 3*t**2 + 3*t - 2. Suppose 0 = -2*u + 5*r - 0 - 7, 1 = u - r. Calculate the remainder when 51 is divided by g(u).
25
Let c(t) = -12*t - 1. Let d(y) = 18*y. What is the remainder when c(-3) is divided by d(1)?
17
Let f(c) = -8*c - 4. Let l be f(-3). Let y = l - 14. What is the remainder when y is divided by 4?
2
Let m = -141 + 235. Calculate the remainder when m is divided by 24.
22
Let p = -37 + 97. Let v = p - -27. Suppose -x + 28 = f, -6*f + 2*f + v = -x. Calculate the remainder when f is divided by 8.
7
Let x(r) = -3*r - 1. Calculate the remainder when x(-6) is divided by 10.
7
Suppose -5*q + 0*q = 5. Let g = 1 - q. Calculate the remainder when 3 is divided by g.
1
Suppose -9*i = 3*i - 96. Calculate the remainder when i is divided by 5.
3
Let j = 26 + -11. Suppose 3*h - 6*h = -12. Suppose -3*l + h*l = 28. What is the remainder when l is divided by j?
13
Suppose 2*c = -3*c - 2*v + 76, 4*v = -4*c + 56. Calculate the remainder when 47 is divided by c.
15
Let a = -15 - -1. Let q = 47 + a. Calculate the remainder when q is divided by 17.
16
Suppose 0 = -3*s + 5*s + 4*f, 3*s + f - 25 = 0. Let w(i) = -i**2 + 10*i - 9. Let y be w(6). Let l = y + 14. Calculate the remainder when l is divided by s.
9
Suppose 6*a = a + 35. Suppose -v - 81 = -4*v. Calculate the remainder when v is divided by a.
6
Suppose -4*m + 18 = -5*p - 0*p, 3*m + 5*p + 4 = 0. Calculate the remainder when 3 is divided by m.
1
Let n = -11 + 18. What is the remainder when 11 is divided by n?
4
Suppose y - 17 = 7. Calculate the remainder when y is divided by 13.
11
Suppose a = -3*w - 9 + 35, -4*w = -4*a + 168. Let h be ((-4)/7)/(2/(-7)). Let y = h - -11. Calculate the remainder when a is divided by y.
12
Let w(i) be the first derivative of -i**2/2 + 62*i + 1. Let y be w(0). Let g = 114 - y. What is the remainder when g is divided by 18?
16
What is the remainder when 16 is divided by ((-24)/9)/(-4)*3*1?
0
Let n(t) = -8*t + 5. Calculate the remainder when n(-5) is divided by 24.
21
Let u(p) = p + 4. Let j be u(-4). Suppose -60 = -5*y - j*y. What is the remainder when 34 is divided by y?
10
Let w(y) = 3*y**2 - 3*y + 58. Let n(q) = 14 - 2*q**2 - 30 + 2*q - 13. Let d(l) = 5*n(l) + 3*w(l). Calculate the remainder when d(0) is divided by 15.
14
Let x(b) be the third derivative of 0 + 0*b + 2*b**2 + 5/12*b**4 + 0*b**3. Calculate the remainder when x(5) is divided by 17.
16
Let c be (-25)/(-1) + 4 + -2. Let u = 41 - c. Calculate the remainder when u is divided by 5.
4
Let d(w) = w**3 - 11*w**2 + 12*w - 12. What is the remainder when 31 is divided by d(10)?
7
Let n(g) = 10*g**3 - g**2 - g + 1. Calculate the remainder when 51 is divided by n(1).
6
Let z(y) = 4*y**3 + y**2 - y + 1. Let w be z(1). Suppose 3 = -w*k + 23. Calculate the remainder when 14 + (3 - 3)/1 is divided by k.
2
Let n(b) = b + 45. Let s(l) = 3*l - 5. What is the remainder when n(-26) is divided by s(5)?
9
Let a = -197 + 202. What is the remainder when 9 is divided by a?
4
Suppose 0 = 4*c + 3*f - 403, -c + 4*f - f + 97 = 0. Calculate the remainder when c is divided by 26.
22
Let t(h) = 2*h - 3. Let y be t(5). Let x = 11 - y. What is the remainder when 6 is divided by x?
2
Suppose 3*x - 10 = -2*x. Suppose 28 = -b + 3*b + 2*t, 1 = -b + x*t. Calculate the remainder when (-6)/b - 88/(-6) is divided by 5.
4
Suppose 5*h - 3*l - 203 = 0, 2*h - 39 = l + 43. Calculate the remainder when h is divided by 11.
10
Suppose 5*r + j = 272, -4*r - j = -r - 162. What is the remainder when r is divided by 19?
17
Let d(s) be the first derivative of -s**3/3 - 17*s**2/2 - 10*s - 1. What is the remainder when d(-10) is divided by 21?
18
Let a = 5 - 0. Calculate the remainder when a is divided by 4*(-1 - 9/(-6)).
1
Let n(j) = 4*j - 27. What is the remainder when 35 is divided by n(10)?
9
Let l = -347 + 501. Suppose -5*h + 192 = 3*a, 4*h - 2*a - l = -4*a. Calculate the remainder when h is divided by (-1 + -1)/((-2)/14).
11
Suppose -4*h - 12 = -44. Let z = 34 - 20. What is the remainder when z is divided by h?
6
Suppose -7*a + 120 = -2*a. Let m = -14 + a. What is the remainder when 19 is divided by m?
9
Let s = 172 - 133. Suppose 2*f + 20 = 3*f. Calculate the remainder when s is divided by f.
19
Suppose -3*a + 25 = 2*a. Calculate the remainder when a is divided by 2.
1
Suppose 9*w - 156 = 4*w + 3*v, -2*v = -w + 34. Suppose 0*x - 2*x + w = 0. Let s = x + 0. Calculate the remainder when 28 is divided by s.
13
Suppose -194 - 68 = -4*z + 2*h, -z + 88 = -5*h. Calculate the remainder when z is divided by 16.
15
Suppose -13*r + 785 = 122. What is the remainder when r is divided by 13 + -1 - (1 - 2)?
12
Suppose c - 65 = -3*a, 2*c - 3*a - 107 = 14. What is the remainder when c is divided by 13?
10
Let k be ((-1)/(-3))/(2/18). Let r = 1 + k. Calculate the remainder when r is divided by 3.
1
What is the remainder when 0 + 0 + (-114)/(-3) is divided by 8?
6
Let h(s) = s**2 - 9*s - 4. Let i be h(10). Let o = 11 - i. Let y(d) = 3*d - 3. Calculate the remainder when y(4) is divided by o.
4
Let h = 263 - 171. Suppose -11*b = -9*b + 102. Let c = b + h. Calculate the remainder when c is divided by 14.
13
Suppose 3*w - 5*y = -28, 0*w = -3*w + 3*y - 36. Let h = w + 27. Let z = h + -7. Calculate the remainder when z is divided by 2.
0
Let b = 10 - -5. Let v = 31 - b. Let j(d) = -d + 9. Calculate the remainder when v is divided by j(0).
7
Let x(v) = 3*v**3 + v. Let d be x(1). Suppose -5*m + 59 + 1 = 3*a, -d*m = -5*a + 100. Calculate the remainder when 275/7 - 4/14 is divided by a.
19
Suppose 3*y = 0, -k - y + 20 = k. Calculate the remainder when 37 is divided by k.
7
Suppose 3*m = -0*m + 219. Let b = -21 + m. Suppose 5*t - t = b. What is the remainder when 36 is divided by t?
10
What is the remainder when (12/9)/(4/198) is divided by 23?
20
Let j = 0 - -4. What is the remainder when j is divided by 2?
0
Suppose -2*y + 4*w + 8 = 0, -1 = -2*y - 2*w + 7. Suppose -15 + 55 = y*s. What is the remainder when 19 is divided by s?
9
Suppose -3*o = -4*o - 5*w + 23, -83 = -3*o - w. Suppose -o = -3*t - 1. Calculate the remainder when 26 is divided by t.
8
Let y = 136 + -94. What is the remainder when y is divided by 9?
6
Suppose 4*s - 43 = -5*y, -5*y + 48 = 5*s - 12. What is the remainder when s is divided by 5?
2
Suppose 217 + 8 = 5*k. Calculate the remainder when k is divided by 12.
9
Let q(h) = -20*h - 6. Let k be q(-4). Suppose -3*y + k = -y. Calculate the remainder when y is divided by ((-19)/(-4))/((-1)/(-4)).
18
Let o = 129 - 68. Suppose 3*p + 5*g = o, -83 = -7*p + 3*p - 5*g. Calculate the remainder when p is divided by 8.
6
Suppose 36 = 2*z + 2*z. Calculate the remainder when 33 is divided by z.
6
Let h(b) be the second derivative of -5*b**3/3 - b**2 + b. Let c be h(-3). Suppose u - 5*u = -c. Calculate the remainder when 19 is divided by u.
5
Suppose -2*o - s - 1 = -o, 0 = 4*o - s - 6. Calculate the remainder when 2 is divided by o.
0
Suppose 3*n + 9 = 18. Calculate the remainder when 5 is divided by n.
2
What is the remainder when 25 is divided by 53/4 - 3/12?
12
Suppose 0*h - 2*h + 26 = 2*u, 5*h - 53 = -4*u. Suppose 14*f = -9*f + 184. Calculate the remainder when u is divided by f.
4
Let z(o) = 2*o - 10*o - o + 0 - 2. What is the remainder when 29 is divided by z(-2)?
13
Let a = -10 + 11. Let u = 23 - a. W